{"id":307,"date":"2021-04-27T12:53:54","date_gmt":"2021-04-27T10:53:54","guid":{"rendered":"http:\/\/fabrhic-velo.com\/?page_id=307"},"modified":"2021-05-14T11:50:55","modified_gmt":"2021-05-14T09:50:55","slug":"demarche","status":"publish","type":"page","link":"https:\/\/fabrhic-velo.com\/index.php\/demarche\/","title":{"rendered":"Notre d\u00e9marche"},"content":{"rendered":"\t\t<div data-elementor-type=\"wp-page\" data-elementor-id=\"307\" class=\"elementor elementor-307\">\n\t\t\t\t\t\t\t\t\t<section class=\"elementor-section elementor-top-section elementor-element elementor-element-7cbef59 elementor-section-height-min-height elementor-section-boxed elementor-section-height-default elementor-section-items-middle\" data-id=\"7cbef59\" data-element_type=\"section\">\n\t\t\t\t\t\t<div class=\"elementor-container elementor-column-gap-default\">\n\t\t\t\t\t<div class=\"elementor-column elementor-col-100 elementor-top-column elementor-element elementor-element-4e9f7fe\" data-id=\"4e9f7fe\" data-element_type=\"column\">\n\t\t\t<div class=\"elementor-widget-wrap elementor-element-populated\">\n\t\t\t\t\t\t\t\t<div class=\"elementor-element elementor-element-623a0bc elementor-widget elementor-widget-heading\" data-id=\"623a0bc\" data-element_type=\"widget\" data-widget_type=\"heading.default\">\n\t\t\t\t<div class=\"elementor-widget-container\">\n\t\t\t<h2 class=\"elementor-heading-title elementor-size-default\">Notre d\u00e9marche \ud83d\udc9b<\/h2>\t\t<\/div>\n\t\t\t\t<\/div>\n\t\t\t\t\t<\/div>\n\t\t<\/div>\n\t\t\t\t\t\t\t<\/div>\n\t\t<\/section>\n\t\t\t\t<section class=\"elementor-section elementor-top-section elementor-element elementor-element-65d9474 elementor-section-boxed elementor-section-height-default elementor-section-height-default\" data-id=\"65d9474\" data-element_type=\"section\">\n\t\t\t\t\t\t<div class=\"elementor-container elementor-column-gap-default\">\n\t\t\t\t\t<div class=\"elementor-column elementor-col-100 elementor-top-column elementor-element elementor-element-09abd65\" data-id=\"09abd65\" data-element_type=\"column\">\n\t\t\t<div class=\"elementor-widget-wrap elementor-element-populated\">\n\t\t\t\t\t\t\t\t<div class=\"elementor-element elementor-element-454e1de elementor-widget elementor-widget-spacer\" data-id=\"454e1de\" data-element_type=\"widget\" data-widget_type=\"spacer.default\">\n\t\t\t\t<div class=\"elementor-widget-container\">\n\t\t\t\t\t<div class=\"elementor-spacer\">\n\t\t\t<div class=\"elementor-spacer-inner\"><\/div>\n\t\t<\/div>\n\t\t\t\t<\/div>\n\t\t\t\t<\/div>\n\t\t\t\t\t<\/div>\n\t\t<\/div>\n\t\t\t\t\t\t\t<\/div>\n\t\t<\/section>\n\t\t\t\t<section class=\"elementor-section elementor-top-section elementor-element elementor-element-c29d85e elementor-section-content-middle elementor-section-boxed elementor-section-height-default elementor-section-height-default\" data-id=\"c29d85e\" data-element_type=\"section\">\n\t\t\t\t\t\t<div class=\"elementor-container elementor-column-gap-default\">\n\t\t\t\t\t<div class=\"elementor-column elementor-col-50 elementor-top-column elementor-element elementor-element-f12409d\" data-id=\"f12409d\" data-element_type=\"column\">\n\t\t\t<div class=\"elementor-widget-wrap elementor-element-populated\">\n\t\t\t\t\t\t\t\t<div class=\"elementor-element elementor-element-411e756 elementor-widget elementor-widget-heading\" data-id=\"411e756\" data-element_type=\"widget\" data-widget_type=\"heading.default\">\n\t\t\t\t<div class=\"elementor-widget-container\">\n\t\t\t<h2 class=\"elementor-heading-title elementor-size-default\"><a href=\"http:\/\/ge%20e\">\u00c9cologie <\/a><\/h2>\t\t<\/div>\n\t\t\t\t<\/div>\n\t\t\t\t<div class=\"elementor-element elementor-element-1ac3855 elementor-widget elementor-widget-text-editor\" data-id=\"1ac3855\" data-element_type=\"widget\" data-widget_type=\"text-editor.default\">\n\t\t\t\t<div class=\"elementor-widget-container\">\n\t\t\t\t\t\t\t<p>Nous mettons toute notre \u00e9nergie et notre c\u0153ur \u00e0 valoriser les mati\u00e8res d\u00e9j\u00e0 existantes afin de limiter notre impact environnemental tout en remettant des v\u00e9los en circulation.<\/p><p>Nous r\u00e9parons les chambres \u00e0 air, nous proposons des pi\u00e8ces d&#8217;occasion reconditionn\u00e9es gr\u00e2ce \u00e0 notre bac \u00e0 ultrasons, nous recyclons ce qui ne peux plus \u00eatre utilis\u00e9&#8230; ces actions sont des exemples de notre engagement envers notre plan\u00e8te \ud83c\udf0d<\/p>\t\t\t\t\t\t<\/div>\n\t\t\t\t<\/div>\n\t\t\t\t\t<\/div>\n\t\t<\/div>\n\t\t\t\t<div class=\"elementor-column elementor-col-50 elementor-top-column elementor-element elementor-element-15720b9\" data-id=\"15720b9\" data-element_type=\"column\">\n\t\t\t<div class=\"elementor-widget-wrap elementor-element-populated\">\n\t\t\t\t\t\t\t\t<div class=\"elementor-element elementor-element-12b6f53 elementor-widget elementor-widget-image\" data-id=\"12b6f53\" data-element_type=\"widget\" data-widget_type=\"image.default\">\n\t\t\t\t<div class=\"elementor-widget-container\">\n\t\t\t\t\t\t\t\t\t\t\t\t\t\t\t<img loading=\"lazy\" decoding=\"async\" width=\"1024\" height=\"683\" src=\"https:\/\/fabrhic-velo.com\/wp-content\/uploads\/2021\/05\/pexels-mateusz-dach-536692-1024x683.jpg\" class=\"attachment-large size-large wp-image-443\" alt=\"\" srcset=\"https:\/\/fabrhic-velo.com\/wp-content\/uploads\/2021\/05\/pexels-mateusz-dach-536692-1024x683.jpg 1024w, https:\/\/fabrhic-velo.com\/wp-content\/uploads\/2021\/05\/pexels-mateusz-dach-536692-300x200.jpg 300w, https:\/\/fabrhic-velo.com\/wp-content\/uploads\/2021\/05\/pexels-mateusz-dach-536692-768x512.jpg 768w, https:\/\/fabrhic-velo.com\/wp-content\/uploads\/2021\/05\/pexels-mateusz-dach-536692-1536x1024.jpg 1536w, https:\/\/fabrhic-velo.com\/wp-content\/uploads\/2021\/05\/pexels-mateusz-dach-536692-2048x1365.jpg 2048w, https:\/\/fabrhic-velo.com\/wp-content\/uploads\/2021\/05\/pexels-mateusz-dach-536692-930x620.jpg 930w\" sizes=\"auto, (max-width: 1024px) 100vw, 1024px\" \/>\t\t\t\t\t\t\t\t\t\t\t\t\t\t\t<\/div>\n\t\t\t\t<\/div>\n\t\t\t\t\t<\/div>\n\t\t<\/div>\n\t\t\t\t\t\t\t<\/div>\n\t\t<\/section>\n\t\t\t\t<section class=\"elementor-section elementor-top-section elementor-element elementor-element-a9e00ab elementor-section-content-middle elementor-section-boxed elementor-section-height-default elementor-section-height-default\" data-id=\"a9e00ab\" data-element_type=\"section\">\n\t\t\t\t\t\t<div class=\"elementor-container elementor-column-gap-default\">\n\t\t\t\t\t<div class=\"elementor-column elementor-col-50 elementor-top-column elementor-element elementor-element-490825a\" data-id=\"490825a\" data-element_type=\"column\">\n\t\t\t<div class=\"elementor-widget-wrap elementor-element-populated\">\n\t\t\t\t\t\t\t\t<div class=\"elementor-element elementor-element-0eeb7c3 elementor-widget elementor-widget-image\" data-id=\"0eeb7c3\" data-element_type=\"widget\" data-widget_type=\"image.default\">\n\t\t\t\t<div class=\"elementor-widget-container\">\n\t\t\t\t\t\t\t\t\t\t\t\t\t\t\t<img loading=\"lazy\" decoding=\"async\" width=\"1024\" height=\"683\" src=\"https:\/\/fabrhic-velo.com\/wp-content\/uploads\/2021\/05\/pexels-markus-spiske-987571-1024x683.jpg\" class=\"attachment-large size-large wp-image-445\" alt=\"\" srcset=\"https:\/\/fabrhic-velo.com\/wp-content\/uploads\/2021\/05\/pexels-markus-spiske-987571-1024x683.jpg 1024w, https:\/\/fabrhic-velo.com\/wp-content\/uploads\/2021\/05\/pexels-markus-spiske-987571-300x200.jpg 300w, https:\/\/fabrhic-velo.com\/wp-content\/uploads\/2021\/05\/pexels-markus-spiske-987571-768x512.jpg 768w, https:\/\/fabrhic-velo.com\/wp-content\/uploads\/2021\/05\/pexels-markus-spiske-987571-1536x1024.jpg 1536w, https:\/\/fabrhic-velo.com\/wp-content\/uploads\/2021\/05\/pexels-markus-spiske-987571-2048x1365.jpg 2048w, https:\/\/fabrhic-velo.com\/wp-content\/uploads\/2021\/05\/pexels-markus-spiske-987571-930x620.jpg 930w\" sizes=\"auto, (max-width: 1024px) 100vw, 1024px\" \/>\t\t\t\t\t\t\t\t\t\t\t\t\t\t\t<\/div>\n\t\t\t\t<\/div>\n\t\t\t\t\t<\/div>\n\t\t<\/div>\n\t\t\t\t<div class=\"elementor-column elementor-col-50 elementor-top-column elementor-element elementor-element-9e610e1\" data-id=\"9e610e1\" data-element_type=\"column\">\n\t\t\t<div class=\"elementor-widget-wrap elementor-element-populated\">\n\t\t\t\t\t\t\t\t<div class=\"elementor-element elementor-element-d2046a4 elementor-widget elementor-widget-heading\" data-id=\"d2046a4\" data-element_type=\"widget\" data-widget_type=\"heading.default\">\n\t\t\t\t<div class=\"elementor-widget-container\">\n\t\t\t<h2 class=\"elementor-heading-title elementor-size-default\"><a href=\"http:\/\/ge%20e\">Accessibilit\u00e9<\/a><\/h2>\t\t<\/div>\n\t\t\t\t<\/div>\n\t\t\t\t<div class=\"elementor-element elementor-element-19d270e elementor-widget elementor-widget-text-editor\" data-id=\"19d270e\" data-element_type=\"widget\" data-widget_type=\"text-editor.default\">\n\t\t\t\t<div class=\"elementor-widget-container\">\n\t\t\t\t\t\t\t<p>Se d\u00e9placer en v\u00e9lo co\u00fbte en moyenne 10 fois moins cher que de se d\u00e9placer en voiture, mais tout le monde n&#8217;a pas le budget pour faire entretenir son v\u00e9lo.<\/p><p>Nous sommes engag\u00e9s \u00e0 proposer et \u00e0 adapter nos prestations \u00e0 ceux qui sont le moins favoris\u00e9 afin que nous puissions tous rouler \u00e0 v\u00e9lo \ud83d\udc4c<\/p>\t\t\t\t\t\t<\/div>\n\t\t\t\t<\/div>\n\t\t\t\t\t<\/div>\n\t\t<\/div>\n\t\t\t\t\t\t\t<\/div>\n\t\t<\/section>\n\t\t\t\t<section class=\"elementor-section elementor-top-section elementor-element elementor-element-a4bc6c5 elementor-section-content-middle elementor-section-boxed elementor-section-height-default elementor-section-height-default\" data-id=\"a4bc6c5\" data-element_type=\"section\">\n\t\t\t\t\t\t<div class=\"elementor-container elementor-column-gap-default\">\n\t\t\t\t\t<div class=\"elementor-column elementor-col-50 elementor-top-column elementor-element elementor-element-1b4b2aa\" data-id=\"1b4b2aa\" data-element_type=\"column\">\n\t\t\t<div class=\"elementor-widget-wrap elementor-element-populated\">\n\t\t\t\t\t\t\t\t<div class=\"elementor-element elementor-element-9ebede7 elementor-widget elementor-widget-heading\" data-id=\"9ebede7\" data-element_type=\"widget\" data-widget_type=\"heading.default\">\n\t\t\t\t<div class=\"elementor-widget-container\">\n\t\t\t<h2 class=\"elementor-heading-title elementor-size-default\"><a href=\"http:\/\/ge%20e\">Social<\/a><\/h2>\t\t<\/div>\n\t\t\t\t<\/div>\n\t\t\t\t<div class=\"elementor-element elementor-element-70f5b8c elementor-widget elementor-widget-text-editor\" data-id=\"70f5b8c\" data-element_type=\"widget\" data-widget_type=\"text-editor.default\">\n\t\t\t\t<div class=\"elementor-widget-container\">\n\t\t\t\t\t\t\t<p>Nous sommes un atelier cycle de &#8220;transition professionnelle&#8221;. Encadr\u00e9s par une \u00e9quipe de professionnels du cycle, les salari\u00e9s de l&#8217;atelier apprennent \u00e0 r\u00e9parer et entretenir des v\u00e9los tout en s&#8217;engageant dans une d\u00e9marche de retour vers l&#8217;emploi durable.<\/p><p>Oui, en achetant ou en faisant entretenir votre v\u00e9lo chez nous vous soutenez un projet \u00e0 forte valeur sociale \ud83d\ude4f<\/p>\t\t\t\t\t\t<\/div>\n\t\t\t\t<\/div>\n\t\t\t\t\t<\/div>\n\t\t<\/div>\n\t\t\t\t<div class=\"elementor-column elementor-col-50 elementor-top-column elementor-element elementor-element-1277719\" data-id=\"1277719\" data-element_type=\"column\">\n\t\t\t<div class=\"elementor-widget-wrap elementor-element-populated\">\n\t\t\t\t\t\t\t\t<div class=\"elementor-element elementor-element-54cb300 elementor-widget elementor-widget-image\" data-id=\"54cb300\" data-element_type=\"widget\" data-widget_type=\"image.default\">\n\t\t\t\t<div class=\"elementor-widget-container\">\n\t\t\t\t\t\t\t\t\t\t\t\t\t\t\t<img loading=\"lazy\" decoding=\"async\" width=\"1024\" height=\"683\" src=\"https:\/\/fabrhic-velo.com\/wp-content\/uploads\/2021\/05\/pexels-maarten-van-den-heuvel-4254897-1024x683.jpg\" class=\"attachment-large size-large wp-image-446\" alt=\"\" srcset=\"https:\/\/fabrhic-velo.com\/wp-content\/uploads\/2021\/05\/pexels-maarten-van-den-heuvel-4254897-1024x683.jpg 1024w, https:\/\/fabrhic-velo.com\/wp-content\/uploads\/2021\/05\/pexels-maarten-van-den-heuvel-4254897-300x200.jpg 300w, https:\/\/fabrhic-velo.com\/wp-content\/uploads\/2021\/05\/pexels-maarten-van-den-heuvel-4254897-768x512.jpg 768w, https:\/\/fabrhic-velo.com\/wp-content\/uploads\/2021\/05\/pexels-maarten-van-den-heuvel-4254897-1536x1024.jpg 1536w, https:\/\/fabrhic-velo.com\/wp-content\/uploads\/2021\/05\/pexels-maarten-van-den-heuvel-4254897-2048x1365.jpg 2048w, https:\/\/fabrhic-velo.com\/wp-content\/uploads\/2021\/05\/pexels-maarten-van-den-heuvel-4254897-930x620.jpg 930w\" sizes=\"auto, (max-width: 1024px) 100vw, 1024px\" \/>\t\t\t\t\t\t\t\t\t\t\t\t\t\t\t<\/div>\n\t\t\t\t<\/div>\n\t\t\t\t\t<\/div>\n\t\t<\/div>\n\t\t\t\t\t\t\t<\/div>\n\t\t<\/section>\n\t\t\t\t<section class=\"elementor-section elementor-top-section elementor-element elementor-element-950f0c1 elementor-section-content-middle elementor-section-boxed elementor-section-height-default elementor-section-height-default\" data-id=\"950f0c1\" data-element_type=\"section\">\n\t\t\t\t\t\t<div class=\"elementor-container elementor-column-gap-default\">\n\t\t\t\t\t<div class=\"elementor-column elementor-col-50 elementor-top-column elementor-element elementor-element-5dd117c\" data-id=\"5dd117c\" data-element_type=\"column\">\n\t\t\t<div class=\"elementor-widget-wrap elementor-element-populated\">\n\t\t\t\t\t\t\t\t<div class=\"elementor-element elementor-element-bd742ad elementor-widget elementor-widget-image\" data-id=\"bd742ad\" data-element_type=\"widget\" data-widget_type=\"image.default\">\n\t\t\t\t<div class=\"elementor-widget-container\">\n\t\t\t\t\t\t\t\t\t\t\t\t\t\t\t<img loading=\"lazy\" decoding=\"async\" width=\"940\" height=\"500\" src=\"https:\/\/fabrhic-velo.com\/wp-content\/uploads\/2021\/05\/Sans-titre27.png\" class=\"attachment-large size-large wp-image-493\" alt=\"\" srcset=\"https:\/\/fabrhic-velo.com\/wp-content\/uploads\/2021\/05\/Sans-titre27.png 940w, https:\/\/fabrhic-velo.com\/wp-content\/uploads\/2021\/05\/Sans-titre27-300x160.png 300w, https:\/\/fabrhic-velo.com\/wp-content\/uploads\/2021\/05\/Sans-titre27-768x409.png 768w\" sizes=\"auto, (max-width: 940px) 100vw, 940px\" \/>\t\t\t\t\t\t\t\t\t\t\t\t\t\t\t<\/div>\n\t\t\t\t<\/div>\n\t\t\t\t\t<\/div>\n\t\t<\/div>\n\t\t\t\t<div class=\"elementor-column elementor-col-50 elementor-top-column elementor-element elementor-element-f654695\" data-id=\"f654695\" data-element_type=\"column\">\n\t\t\t<div class=\"elementor-widget-wrap elementor-element-populated\">\n\t\t\t\t\t\t\t\t<div class=\"elementor-element elementor-element-c5ae624 elementor-widget elementor-widget-heading\" data-id=\"c5ae624\" data-element_type=\"widget\" data-widget_type=\"heading.default\">\n\t\t\t\t<div class=\"elementor-widget-container\">\n\t\t\t<h2 class=\"elementor-heading-title elementor-size-default\"><a href=\"http:\/\/ge%20e\">Associatif<\/a><\/h2>\t\t<\/div>\n\t\t\t\t<\/div>\n\t\t\t\t<div class=\"elementor-element elementor-element-7eddc04 elementor-widget elementor-widget-text-editor\" data-id=\"7eddc04\" data-element_type=\"widget\" data-widget_type=\"text-editor.default\">\n\t\t\t\t<div class=\"elementor-widget-container\">\n\t\t\t\t\t\t\t<p>Notre atelier cycle et son action d&#8217;accompagnement des salari\u00e9s vers l&#8217;emploi durable est port\u00e9 par l&#8217;association ReCycle&amp;Vous.<\/p><p><a href=\"https:\/\/recycle-et-vous.com\/\" target=\"_blank\" rel=\"noopener\">D\u00e9couvrez le site de l&#8217;association ici \ud83d\udc48<\/a><\/p>\t\t\t\t\t\t<\/div>\n\t\t\t\t<\/div>\n\t\t\t\t\t<\/div>\n\t\t<\/div>\n\t\t\t\t\t\t\t<\/div>\n\t\t<\/section>\n\t\t\t\t<section class=\"elementor-section elementor-top-section elementor-element elementor-element-cacf7dc elementor-section-boxed elementor-section-height-default elementor-section-height-default\" data-id=\"cacf7dc\" data-element_type=\"section\">\n\t\t\t\t\t\t<div class=\"elementor-container elementor-column-gap-default\">\n\t\t\t\t\t<div class=\"elementor-column elementor-col-100 elementor-top-column elementor-element elementor-element-3f9197f\" data-id=\"3f9197f\" data-element_type=\"column\">\n\t\t\t<div class=\"elementor-widget-wrap elementor-element-populated\">\n\t\t\t\t\t\t\t\t<div class=\"elementor-element elementor-element-1202647 elementor-widget elementor-widget-spacer\" data-id=\"1202647\" data-element_type=\"widget\" data-widget_type=\"spacer.default\">\n\t\t\t\t<div class=\"elementor-widget-container\">\n\t\t\t\t\t<div class=\"elementor-spacer\">\n\t\t\t<div class=\"elementor-spacer-inner\"><\/div>\n\t\t<\/div>\n\t\t\t\t<\/div>\n\t\t\t\t<\/div>\n\t\t\t\t\t<\/div>\n\t\t<\/div>\n\t\t\t\t\t\t\t<\/div>\n\t\t<\/section>\n\t\t\t\t\t\t\t<\/div>\n\t\t","protected":false},"excerpt":{"rendered":"<p>Notre d\u00e9marche \ud83d\udc9b \u00c9cologie Nous mettons toute notre \u00e9nergie et notre c\u0153ur \u00e0 valoriser les mati\u00e8res d\u00e9j\u00e0 existantes afin de limiter notre impact environnemental tout en remettant des v\u00e9los en circulation. Nous r\u00e9parons les chambres \u00e0 air, nous proposons des pi\u00e8ces d&#8217;occasion reconditionn\u00e9es gr\u00e2ce \u00e0 notre bac \u00e0 ultrasons, nous recyclons ce qui ne peux&hellip;&nbsp;<a href=\"https:\/\/fabrhic-velo.com\/index.php\/demarche\/\" class=\"\" rel=\"bookmark\">Read More &raquo;<span class=\"screen-reader-text\">Notre d\u00e9marche<\/span><\/a><\/p>\n","protected":false},"author":1,"featured_media":0,"parent":0,"menu_order":0,"comment_status":"closed","ping_status":"closed","template":"page-templates\/template-pagebuilder-full-width.php","meta":{"neve_meta_sidebar":"full-width","neve_meta_container":"","neve_meta_enable_content_width":"on","neve_meta_content_width":100,"neve_meta_title_alignment":"","neve_meta_author_avatar":"","neve_post_elements_order":"","neve_meta_disable_header":"","neve_meta_disable_footer":"","neve_meta_disable_title":"","footnotes":""},"class_list":["post-307","page","type-page","status-publish","hentry"],"_links":{"self":[{"href":"https:\/\/fabrhic-velo.com\/index.php\/wp-json\/wp\/v2\/pages\/307","targetHints":{"allow":["GET"]}}],"collection":[{"href":"https:\/\/fabrhic-velo.com\/index.php\/wp-json\/wp\/v2\/pages"}],"about":[{"href":"https:\/\/fabrhic-velo.com\/index.php\/wp-json\/wp\/v2\/types\/page"}],"author":[{"embeddable":true,"href":"https:\/\/fabrhic-velo.com\/index.php\/wp-json\/wp\/v2\/users\/1"}],"replies":[{"embeddable":true,"href":"https:\/\/fabrhic-velo.com\/index.php\/wp-json\/wp\/v2\/comments?post=307"}],"version-history":[{"count":37,"href":"https:\/\/fabrhic-velo.com\/index.php\/wp-json\/wp\/v2\/pages\/307\/revisions"}],"predecessor-version":[{"id":509,"href":"https:\/\/fabrhic-velo.com\/index.php\/wp-json\/wp\/v2\/pages\/307\/revisions\/509"}],"wp:attachment":[{"href":"https:\/\/fabrhic-velo.com\/index.php\/wp-json\/wp\/v2\/media?parent=307"}],"curies":[{"name":"wp","href":"https:\/\/api.w.org\/{rel}","templated":true}]}}